[INFO] cloning repository https://github.com/fabienjuif/server-physic
[INFO] running `Command { std: "git" "-c" "credential.helper=" "-c" "credential.helper=/workspace/cargo-home/bin/git-credential-null" "clone" "--bare" "https://github.com/fabienjuif/server-physic" "/workspace/cache/git-repos/https%3A%2F%2Fgithub.com%2Ffabienjuif%2Fserver-physic", kill_on_drop: false }`
[INFO] [stderr] Cloning into bare repository '/workspace/cache/git-repos/https%3A%2F%2Fgithub.com%2Ffabienjuif%2Fserver-physic'...
[INFO] running `Command { std: "git" "rev-parse" "HEAD", kill_on_drop: false }`
[INFO] [stdout] 9f221b809db53fe8c66395774fe6d330c3083021
[INFO] checking fabienjuif/server-physic against master#af3c6e733a40e671550e0f0f5aeecaa13772ba56 for pr-74989
[INFO] running `Command { std: "git" "clone" "/workspace/cache/git-repos/https%3A%2F%2Fgithub.com%2Ffabienjuif%2Fserver-physic" "/workspace/builds/worker-7/source", kill_on_drop: false }`
[INFO] [stderr] Cloning into '/workspace/builds/worker-7/source'...
[INFO] [stderr] done.
[INFO] validating manifest of git repo https://github.com/fabienjuif/server-physic on toolchain af3c6e733a40e671550e0f0f5aeecaa13772ba56
[INFO] running `Command { std: "/workspace/cargo-home/bin/cargo" "+af3c6e733a40e671550e0f0f5aeecaa13772ba56" "read-manifest" "--manifest-path" "Cargo.toml", kill_on_drop: false }`
[INFO] started tweaking git repo https://github.com/fabienjuif/server-physic
[INFO] removed path dependency nphysics2d from git repo https://github.com/fabienjuif/server-physic
[INFO] removed path dependency nphysics_testbed2d from git repo https://github.com/fabienjuif/server-physic
[INFO] finished tweaking git repo https://github.com/fabienjuif/server-physic
[INFO] tweaked toml for git repo https://github.com/fabienjuif/server-physic written to /workspace/builds/worker-7/source/Cargo.toml
[INFO] crate git repo https://github.com/fabienjuif/server-physic already has a lockfile, it will not be regenerated
[INFO] running `Command { std: "/workspace/cargo-home/bin/cargo" "+af3c6e733a40e671550e0f0f5aeecaa13772ba56" "fetch" "--locked" "--manifest-path" "Cargo.toml", kill_on_drop: false }`
[INFO] [stderr] warning: dependency (nphysics2d) specified without providing a local path, Git repository, or version to use. This will be considered an error in future versions
[INFO] [stderr] warning: dependency (nphysics_testbed2d) specified without providing a local path, Git repository, or version to use. This will be considered an error in future versions
[INFO] [stderr]     Updating crates.io index
[INFO] [stderr] error: the lock file /workspace/builds/worker-7/source/Cargo.lock needs to be updated but --locked was passed to prevent this
[INFO] [stderr] If you want to try to generate the lock file without accessing the network, use the --offline flag.
[INFO] the lockfile is outdated, regenerating it
[INFO] running `Command { std: "/workspace/cargo-home/bin/cargo" "+af3c6e733a40e671550e0f0f5aeecaa13772ba56" "generate-lockfile" "--manifest-path" "Cargo.toml" "-Zno-index-update", kill_on_drop: false }`
[INFO] running `Command { std: "/workspace/cargo-home/bin/cargo" "+af3c6e733a40e671550e0f0f5aeecaa13772ba56" "fetch" "--locked" "--manifest-path" "Cargo.toml", kill_on_drop: false }`
[INFO] [stderr] warning: dependency (nphysics2d) specified without providing a local path, Git repository, or version to use. This will be considered an error in future versions
[INFO] [stderr] warning: dependency (nphysics_testbed2d) specified without providing a local path, Git repository, or version to use. This will be considered an error in future versions
[INFO] running `Command { std: "docker" "create" "-v" "/var/lib/crater-agent-workspace/builds/worker-7/target:/opt/rustwide/target:rw,Z" "-v" "/var/lib/crater-agent-workspace/builds/worker-7/source:/opt/rustwide/workdir:ro,Z" "-v" "/var/lib/crater-agent-workspace/cargo-home:/opt/rustwide/cargo-home:ro,Z" "-v" "/var/lib/crater-agent-workspace/rustup-home:/opt/rustwide/rustup-home:ro,Z" "-e" "SOURCE_DIR=/opt/rustwide/workdir" "-e" "CARGO_TARGET_DIR=/opt/rustwide/target" "-e" "CARGO_HOME=/opt/rustwide/cargo-home" "-e" "RUSTUP_HOME=/opt/rustwide/rustup-home" "-w" "/opt/rustwide/workdir" "-m" "1610612736" "--user" "0:0" "--network" "none" "rustops/crates-build-env@sha256:d92eaeed33fa75130ca1ee6c8a01d1ffb62bac859dfdfb3450e3e5d1c0146529" "/opt/rustwide/cargo-home/bin/cargo" "+af3c6e733a40e671550e0f0f5aeecaa13772ba56" "metadata" "--no-deps" "--format-version=1", kill_on_drop: false }`
[INFO] [stdout] 4120fde67764d844e9854127551a8652f4cb0c16e7958543e041de033856054e
[INFO] [stderr] WARNING: Your kernel does not support swap limit capabilities or the cgroup is not mounted. Memory limited without swap.
[INFO] running `Command { std: "docker" "start" "-a" "4120fde67764d844e9854127551a8652f4cb0c16e7958543e041de033856054e", kill_on_drop: false }`
[INFO] running `Command { std: "docker" "inspect" "4120fde67764d844e9854127551a8652f4cb0c16e7958543e041de033856054e", kill_on_drop: false }`
[INFO] running `Command { std: "docker" "rm" "-f" "4120fde67764d844e9854127551a8652f4cb0c16e7958543e041de033856054e", kill_on_drop: false }`
[INFO] [stdout] 4120fde67764d844e9854127551a8652f4cb0c16e7958543e041de033856054e
[INFO] running `Command { std: "docker" "create" "-v" "/var/lib/crater-agent-workspace/builds/worker-7/target:/opt/rustwide/target:rw,Z" "-v" "/var/lib/crater-agent-workspace/builds/worker-7/source:/opt/rustwide/workdir:ro,Z" "-v" "/var/lib/crater-agent-workspace/cargo-home:/opt/rustwide/cargo-home:ro,Z" "-v" "/var/lib/crater-agent-workspace/rustup-home:/opt/rustwide/rustup-home:ro,Z" "-e" "SOURCE_DIR=/opt/rustwide/workdir" "-e" "CARGO_TARGET_DIR=/opt/rustwide/target" "-e" "CARGO_INCREMENTAL=0" "-e" "RUST_BACKTRACE=full" "-e" "RUSTFLAGS=--cap-lints=forbid" "-e" "CARGO_HOME=/opt/rustwide/cargo-home" "-e" "RUSTUP_HOME=/opt/rustwide/rustup-home" "-w" "/opt/rustwide/workdir" "-m" "1610612736" "--user" "0:0" "--network" "none" "rustops/crates-build-env@sha256:d92eaeed33fa75130ca1ee6c8a01d1ffb62bac859dfdfb3450e3e5d1c0146529" "/opt/rustwide/cargo-home/bin/cargo" "+af3c6e733a40e671550e0f0f5aeecaa13772ba56" "check" "--frozen" "--all" "--all-targets" "--message-format=json", kill_on_drop: false }`
[INFO] [stdout] 68ebbaa822d51ead94b597c117a1f77c0cfeacb0b290ed5a4d9621bd57991081
[INFO] [stderr] WARNING: Your kernel does not support swap limit capabilities or the cgroup is not mounted. Memory limited without swap.
[INFO] running `Command { std: "docker" "start" "-a" "68ebbaa822d51ead94b597c117a1f77c0cfeacb0b290ed5a4d9621bd57991081", kill_on_drop: false }`
[INFO] [stderr] warning: dependency (nphysics2d) specified without providing a local path, Git repository, or version to use. This will be considered an error in future versions
[INFO] [stderr] warning: dependency (nphysics_testbed2d) specified without providing a local path, Git repository, or version to use. This will be considered an error in future versions
[INFO] [stderr]     Blocking waiting for file lock on package cache
[INFO] [stderr]    Compiling autocfg v1.0.1
[INFO] [stderr]    Compiling libc v0.2.77
[INFO] [stderr]     Checking cfg-if v0.1.10
[INFO] [stderr]    Compiling bitflags v1.2.1
[INFO] [stderr]     Checking lazy_static v1.4.0
[INFO] [stderr]    Compiling proc-macro2 v0.4.30
[INFO] [stderr]    Compiling unicode-xid v0.1.0
[INFO] [stderr]    Compiling maybe-uninit v2.0.0
[INFO] [stderr]    Compiling byteorder v1.3.4
[INFO] [stderr]    Compiling log v0.4.11
[INFO] [stderr]    Compiling libloading v0.6.3
[INFO] [stderr]     Checking rand_core v0.4.2
[INFO] [stderr]     Checking downcast-rs v1.2.0
[INFO] [stderr]     Checking rustc-hash v1.1.0
[INFO] [stderr]    Compiling semver-parser v0.7.0
[INFO] [stderr]    Compiling proc-macro2 v1.0.21
[INFO] [stderr]     Checking rawpointer v0.2.1
[INFO] [stderr]     Checking slab v0.4.2
[INFO] [stderr]    Compiling unicode-xid v0.2.1
[INFO] [stderr]    Compiling syn v1.0.40
[INFO] [stderr]    Compiling syn v0.15.44
[INFO] [stderr]    Compiling num-derive v0.2.5
[INFO] [stderr]     Checking fixedbitset v0.2.0
[INFO] [stderr]    Compiling pkg-config v0.3.18
[INFO] [stderr]     Checking stable_deref_trait v1.2.0
[INFO] [stderr]     Checking scopeguard v0.3.3
[INFO] [stderr]     Checking slotmap v0.4.0
[INFO] [stderr]    Compiling serde_derive v1.0.116
[INFO] [stderr]     Checking smallvec v1.4.2
[INFO] [stderr]    Compiling crc32fast v1.2.0
[INFO] [stderr]     Checking percent-encoding v1.0.1
[INFO] [stderr]    Compiling paste-impl v0.1.18
[INFO] [stderr]     Checking generational-arena v0.2.8
[INFO] [stderr]     Checking inflate v0.4.5
[INFO] [stderr]     Checking matrixmultiply v0.2.3
[INFO] [stderr]    Compiling semver v0.9.0
[INFO] [stderr]     Checking rand_core v0.3.1
[INFO] [stderr]     Checking rand_jitter v0.1.4
[INFO] [stderr]     Checking owning_ref v0.4.1
[INFO] [stderr]     Checking petgraph v0.4.13
[INFO] [stderr]    Compiling num-traits v0.2.12
[INFO] [stderr]    Compiling crossbeam-utils v0.7.2
[INFO] [stderr]    Compiling memoffset v0.5.5
[INFO] [stderr]    Compiling crossbeam-epoch v0.8.2
[INFO] [stderr]    Compiling num-integer v0.1.43
[INFO] [stderr]    Compiling num-complex v0.2.4
[INFO] [stderr]    Compiling num-bigint v0.2.6
[INFO] [stderr]    Compiling num-rational v0.2.4
[INFO] [stderr]    Compiling indexmap v1.6.0
[INFO] [stderr]    Compiling num-iter v0.1.41
[INFO] [stderr]    Compiling rayon v1.4.0
[INFO] [stderr]     Checking rand_pcg v0.1.2
[INFO] [stderr]     Checking generic-array v0.13.2
[INFO] [stderr]     Checking generic-array v0.11.1
[INFO] [stderr]     Checking rand_isaac v0.1.1
[INFO] [stderr]     Checking rand_chacha v0.1.1
[INFO] [stderr]     Checking rand_hc v0.1.0
[INFO] [stderr]     Checking rand_xorshift v0.1.1
[INFO] [stderr]     Checking lock_api v0.1.5
[INFO] [stderr]    Compiling gl_generator v0.10.0
[INFO] [stderr]    Compiling gl_generator v0.14.0
[INFO] [stderr]    Compiling rustc_version v0.2.3
[INFO] [stderr]    Compiling xml-rs v0.7.0
[INFO] [stderr]     Checking dlib v0.4.2
[INFO] [stderr]     Checking smallvec v0.6.13
[INFO] [stderr]    Compiling x11-dl v2.18.5
[INFO] [stderr]     Checking paste v0.1.18
[INFO] [stderr]    Compiling quote v0.6.13
[INFO] [stderr]     Checking daggy v0.5.0
[INFO] [stderr]    Compiling quote v1.0.7
[INFO] [stderr]     Checking wayland-sys v0.21.13
[INFO] [stderr]     Checking wayland-sys v0.23.6
[INFO] [stderr]     Checking stb_truetype v0.3.1
[INFO] [stderr]     Checking deflate v0.7.20
[INFO] [stderr]    Compiling parking_lot_core v0.4.0
[INFO] [stderr]     Checking num_cpus v1.13.0
[INFO] [stderr]     Checking nix v0.14.1
[INFO] [stderr]     Checking getrandom v0.1.15
[INFO] [stderr]     Checking memmap v0.7.0
[INFO] [stderr]     Checking rand_os v0.1.3
[INFO] [stderr]     Checking time v0.1.44
[INFO] [stderr]     Checking shared_library v0.1.9
[INFO] [stderr]     Checking rand v0.5.6
[INFO] [stderr]    Compiling xcb v0.9.0
[INFO] [stderr]    Compiling wayland-scanner v0.21.13
[INFO] [stderr]    Compiling wayland-scanner v0.23.6
[INFO] [stderr]     Checking crossbeam-channel v0.4.4
[INFO] [stderr]     Checking petgraph v0.5.1
[INFO] [stderr]    Compiling gl_generator v0.9.0
[INFO] [stderr]     Checking rand_core v0.5.1
[INFO] [stderr]     Checking rand v0.6.5
[INFO] [stderr]     Checking png v0.15.3
[INFO] [stderr]     Checking instant v0.1.6
[INFO] [stderr]     Checking osmesa-sys v0.1.2
[INFO] [stderr]     Checking approx v0.3.2
[INFO] [stderr]     Checking ordered-float v1.1.0
[INFO] [stderr]     Checking line_drawing v0.7.0
[INFO] [stderr]     Checking rand_chacha v0.2.2
[INFO] [stderr]     Checking crossbeam-deque v0.7.3
[INFO] [stderr]    Compiling glutin v0.19.0
[INFO] [stderr]    Compiling gl v0.14.0
[INFO] [stderr]     Checking num-rational v0.1.42
[INFO] [stderr]     Checking rand v0.7.3
[INFO] [stderr]     Checking rusttype v0.8.3
[INFO] [stderr]     Checking rayon-core v1.8.0
[INFO] [stderr]     Checking png v0.12.0
[INFO] [stderr]     Checking simba v0.1.5
[INFO] [stderr]     Checking alga v0.7.2
[INFO] [stderr]     Checking simba v0.2.0
[INFO] [stderr]    Compiling gl v0.10.0
[INFO] [stderr]     Checking parking_lot v0.7.1
[INFO] [stderr]     Checking rusttype v0.7.9
[INFO] [stderr]    Compiling wayland-client v0.21.13
[INFO] [stderr]    Compiling wayland-protocols v0.21.13
[INFO] [stderr]     Checking rand_distr v0.2.2
[INFO] [stderr]     Checking andrew v0.2.1
[INFO] [stderr]     Checking rusttype v0.6.5
[INFO] [stderr]    Compiling wayland-client v0.23.6
[INFO] [stderr]    Compiling wayland-protocols v0.23.6
[INFO] [stderr]     Checking nalgebra v0.21.1
[INFO] [stderr]     Checking num v0.2.1
[INFO] [stderr]     Checking nalgebra v0.22.0
[INFO] [stderr]     Checking nalgebra v0.16.14
[INFO] [stderr]     Checking wayland-commons v0.23.6
[INFO] [stderr]     Checking wayland-commons v0.21.13
[INFO] [stderr]     Checking jpeg-decoder v0.1.20
[INFO] [stderr]     Checking tiff v0.3.1
[INFO] [stderr]     Checking image v0.19.0
[INFO] [stderr]     Checking image v0.22.5
[INFO] [stderr]    Compiling conrod_derive v0.69.0
[INFO] [stderr]     Checking x11-clipboard v0.5.1
[INFO] [stderr]     Checking smithay-client-toolkit v0.4.6
[INFO] [stderr]     Checking smithay-client-toolkit v0.6.6
[INFO] [stderr]     Checking winit v0.18.1
[INFO] [stderr]     Checking smithay-clipboard v0.4.0
[INFO] [stderr]     Checking copypasta v0.6.3
[INFO] [stderr]     Checking pistoncore-input v0.24.0
[INFO] [stderr]     Checking conrod_core v0.69.0
[INFO] [stderr]     Checking ncollide3d v0.17.3
[INFO] [stderr]     Checking ncollide2d v0.17.3
[INFO] [stdout] error[E0034]: multiple applicable items in scope
[INFO] [stdout]    --> /opt/rustwide/cargo-home/registry/src/github.com-1ecc6299db9ec823/ncollide2d-0.17.3/src/shape/shape.rs:103:14
[INFO] [stdout]     |
[INFO] [stdout] 103 |         self.type_id() == TypeId::of::<T>()
[INFO] [stdout]     |              ^^^^^^^ multiple `type_id` found
[INFO] [stdout]     |
[INFO] [stdout] note: candidate #1 is defined in the trait `GetTypeId`
[INFO] [stdout]    --> /opt/rustwide/cargo-home/registry/src/github.com-1ecc6299db9ec823/ncollide2d-0.17.3/src/shape/shape.rs:158:5
[INFO] [stdout]     |
[INFO] [stdout] 158 |     fn type_id(&self) -> TypeId;
[INFO] [stdout]     |     ^^^^^^^^^^^^^^^^^^^^^^^^^^^^
[INFO] [stdout] note: candidate #2 is defined in the trait `Any`
[INFO] [stdout] help: disambiguate the associated function for candidate #1
[INFO] [stdout]     |
[INFO] [stdout] 103 |         GetTypeId::type_id(&self) == TypeId::of::<T>()
[INFO] [stdout]     |         ^^^^^^^^^^^^^^^^^^^^^^^^^
[INFO] [stdout] help: disambiguate the associated function for candidate #2
[INFO] [stdout]     |
[INFO] [stdout] 103 |         Any::type_id(&self) == TypeId::of::<T>()
[INFO] [stdout]     |         ^^^^^^^^^^^^^^^^^^^
[INFO] [stdout] 
[INFO] [stdout] 
[INFO] [stdout] error[E0308]: mismatched types
[INFO] [stdout]    --> /opt/rustwide/cargo-home/registry/src/github.com-1ecc6299db9ec823/ncollide2d-0.17.3/src/shape/shape.rs:103:27
[INFO] [stdout]     |
[INFO] [stdout] 99  | impl<N: Real> Shape<N> {
[INFO] [stdout]     |      - this type parameter
[INFO] [stdout] ...
[INFO] [stdout] 103 |         self.type_id() == TypeId::of::<T>()
[INFO] [stdout]     |                           ^^^^^^^^^^^^^^^^^ expected type parameter `N`, found struct `TypeId`
[INFO] [stdout]     |
[INFO] [stdout]     = note: expected type parameter `N`
[INFO] [stdout]                        found struct `TypeId`
[INFO] [stdout] 
[INFO] [stdout] 
[INFO] [stdout] error: aborting due to 2 previous errors
[INFO] [stdout] 
[INFO] [stdout] 
[INFO] [stdout] Some errors have detailed explanations: E0034, E0308.
[INFO] [stdout] 
[INFO] [stdout] For more information about an error, try `rustc --explain E0034`.
[INFO] [stdout] 
[INFO] [stderr] error: could not compile `ncollide2d`.
[INFO] [stderr] 
[INFO] [stderr] To learn more, run the command again with --verbose.
[INFO] [stderr] warning: build failed, waiting for other jobs to finish...
[INFO] [stdout] error[E0034]: multiple applicable items in scope
[INFO] [stdout]    --> /opt/rustwide/cargo-home/registry/src/github.com-1ecc6299db9ec823/ncollide3d-0.17.3/src/shape/shape.rs:103:14
[INFO] [stdout]     |
[INFO] [stdout] 103 |         self.type_id() == TypeId::of::<T>()
[INFO] [stdout]     |              ^^^^^^^ multiple `type_id` found
[INFO] [stdout]     |
[INFO] [stdout] note: candidate #1 is defined in the trait `GetTypeId`
[INFO] [stdout]    --> /opt/rustwide/cargo-home/registry/src/github.com-1ecc6299db9ec823/ncollide3d-0.17.3/src/shape/shape.rs:158:5
[INFO] [stdout]     |
[INFO] [stdout] 158 |     fn type_id(&self) -> TypeId;
[INFO] [stdout]     |     ^^^^^^^^^^^^^^^^^^^^^^^^^^^^
[INFO] [stdout] note: candidate #2 is defined in the trait `Any`
[INFO] [stdout] help: disambiguate the associated function for candidate #1
[INFO] [stdout]     |
[INFO] [stdout] 103 |         GetTypeId::type_id(&self) == TypeId::of::<T>()
[INFO] [stdout]     |         ^^^^^^^^^^^^^^^^^^^^^^^^^
[INFO] [stdout] help: disambiguate the associated function for candidate #2
[INFO] [stdout]     |
[INFO] [stdout] 103 |         Any::type_id(&self) == TypeId::of::<T>()
[INFO] [stdout]     |         ^^^^^^^^^^^^^^^^^^^
[INFO] [stdout] 
[INFO] [stdout] 
[INFO] [stdout] error[E0308]: mismatched types
[INFO] [stdout]    --> /opt/rustwide/cargo-home/registry/src/github.com-1ecc6299db9ec823/ncollide3d-0.17.3/src/shape/shape.rs:103:27
[INFO] [stdout]     |
[INFO] [stdout] 99  | impl<N: Real> Shape<N> {
[INFO] [stdout]     |      - this type parameter
[INFO] [stdout] ...
[INFO] [stdout] 103 |         self.type_id() == TypeId::of::<T>()
[INFO] [stdout]     |                           ^^^^^^^^^^^^^^^^^ expected type parameter `N`, found struct `TypeId`
[INFO] [stdout]     |
[INFO] [stdout]     = note: expected type parameter `N`
[INFO] [stdout]                        found struct `TypeId`
[INFO] [stdout] 
[INFO] [stdout] 
[INFO] [stdout] error[E0525]: expected a closure that implements the `Fn` trait, but this closure only implements `FnMut`
[INFO] [stdout]    --> /opt/rustwide/cargo-home/registry/src/github.com-1ecc6299db9ec823/ncollide3d-0.17.3/src/transformation/hacd.rs:734:47
[INFO] [stdout]     |
[INFO] [stdout] 734 |         let mut add_triangle_edges = Box::new(|i: usize, t: &Point3<u32>| {
[INFO] [stdout]     |                                               ^^^^^^^^^^^^^^^^^^^^^^^^^^^ this closure implements `FnMut`, not `Fn`
[INFO] [stdout] ...
[INFO] [stdout] 738 |                 let other = match prim_edges.entry(*e) {
[INFO] [stdout]     |                                   ---------- closure is `FnMut` because it mutates the variable `prim_edges` here
[INFO] [stdout] ...
[INFO] [stdout] 753 |                 add_triangle_edges(i, t)
[INFO] [stdout]     |                 ------------------------ the requirement to implement `Fn` derives from here
[INFO] [stdout] 
[INFO] [stdout] 
[INFO] [stdout] error: aborting due to 3 previous errors
[INFO] [stdout] 
[INFO] [stdout] 
[INFO] [stdout] Some errors have detailed explanations: E0034, E0308, E0525.
[INFO] [stdout] 
[INFO] [stdout] For more information about an error, try `rustc --explain E0034`.
[INFO] [stdout] 
[INFO] [stderr] error: build failed
[INFO] running `Command { std: "docker" "inspect" "68ebbaa822d51ead94b597c117a1f77c0cfeacb0b290ed5a4d9621bd57991081", kill_on_drop: false }`
[INFO] running `Command { std: "docker" "rm" "-f" "68ebbaa822d51ead94b597c117a1f77c0cfeacb0b290ed5a4d9621bd57991081", kill_on_drop: false }`
[INFO] [stdout] 68ebbaa822d51ead94b597c117a1f77c0cfeacb0b290ed5a4d9621bd57991081
